{"id":42,"date":"2020-05-31T13:03:18","date_gmt":"2020-05-31T11:03:18","guid":{"rendered":"https:\/\/bannmuehle.wholewildworld.de\/?page_id=42"},"modified":"2025-09-04T10:50:48","modified_gmt":"2025-09-04T08:50:48","slug":"hofladen","status":"publish","type":"page","link":"https:\/\/www.bannmuehle.de\/index.php\/hofladen\/","title":{"rendered":"Hofladen"},"content":{"rendered":"\t\t<div data-elementor-type=\"wp-page\" data-elementor-id=\"42\" class=\"elementor elementor-42\">\n\t\t\t\t\t\t<section class=\"elementor-section elementor-top-section elementor-element elementor-element-4ec1fce8 elementor-section-boxed elementor-section-height-default elementor-section-height-default\" data-id=\"4ec1fce8\" data-element_type=\"section\">\n\t\t\t\t\t\t<div class=\"elementor-container elementor-column-gap-default\">\n\t\t\t\t\t<div class=\"elementor-column elementor-col-100 elementor-top-column elementor-element elementor-element-4079da6b\" data-id=\"4079da6b\" data-element_type=\"column\">\n\t\t\t<div class=\"elementor-widget-wrap elementor-element-populated\">\n\t\t\t\t\t\t<div class=\"elementor-element elementor-element-4e9d23ae elementor-widget elementor-widget-text-editor\" data-id=\"4e9d23ae\" data-element_type=\"widget\" data-widget_type=\"text-editor.default\">\n\t\t\t\t<div class=\"elementor-widget-container\">\n\t\t\t\t\t\t\t\t\t<p><\/p>\n<figure class=\"wp-block-table\">\n<table>\n<tbody>\n<tr>\n<td class=\"has-text-align-center\" style=\"text-align: left;\" data-align=\"center\">\n<p>In unserem Hofladen verkaufen wir unsere eigenen Produkte wie Obst, Saft, Eier, Fleisch und Wurst. Zus\u00e4tzlich halten wir ein breites Sortiment an Lebensmitteln aus biologischem Anbau f\u00fcr unsere Kunden bereit. Wir bieten au\u00dferdem einige Trockenwaren und Drogerieartikel unverpackt an.<\/p>\n<p><strong>Lebensmittelvorbestellungen zB f\u00fcr Gruppen bitte fr\u00fchzeitig an hofladen@bannmuehle.de<\/strong><\/p>\n<\/td>\n<\/tr>\n<tr>\n<td class=\"has-text-align-center\" data-align=\"center\">\n<p><strong>Zugang zum Hofladen (mit Kunden- bzw. Gastkarte) <br>Mo-Sa 08:00-20:00 <br><\/strong>Die Gast-Zugangskarte kann w\u00e4hrend der B\u00fcrozeiten (Mo-Fr. 08:00-14:00 Uhr) ausgegeben werden.<\/p>\n<p><strong>\u00d6ffnungszeiten Hofladen (mit Bedienung)<br>Fr. 14:30-18:30 Uhr<br>Sa. 09:30-12:30 Uhr<\/strong><\/p>\n<\/td>\n<\/tr>\n<tr>\n<td class=\"has-text-align-center\" data-align=\"center\">&nbsp;&nbsp;&nbsp;&nbsp; <img fetchpriority=\"high\" decoding=\"async\" class=\"size-full wp-image-785 aligncenter\" src=\"https:\/\/www.bannmuehle.de\/wp-content\/uploads\/2020\/12\/IMG_2888.jpg\" alt=\"\" width=\"448\" height=\"299\" srcset=\"https:\/\/www.bannmuehle.de\/wp-content\/uploads\/2020\/12\/IMG_2888.jpg 448w, https:\/\/www.bannmuehle.de\/wp-content\/uploads\/2020\/12\/IMG_2888-300x200.jpg 300w\" sizes=\"(max-width: 448px) 100vw, 448px\" \/><\/td>\n<\/tr>\n<tr>\n<td class=\"has-text-align-center\" data-align=\"center\">\n<p><img decoding=\"async\" class=\"size-medium wp-image-2142 aligncenter\" src=\"https:\/\/www.bannmuehle.de\/wp-content\/uploads\/2023\/03\/Unverpackt-Hofladen-225x300.jpeg\" alt=\"\" width=\"225\" height=\"300\" srcset=\"https:\/\/www.bannmuehle.de\/wp-content\/uploads\/2023\/03\/Unverpackt-Hofladen-225x300.jpeg 225w, https:\/\/www.bannmuehle.de\/wp-content\/uploads\/2023\/03\/Unverpackt-Hofladen-768x1024.jpeg 768w, https:\/\/www.bannmuehle.de\/wp-content\/uploads\/2023\/03\/Unverpackt-Hofladen.jpeg 960w\" sizes=\"(max-width: 225px) 100vw, 225px\" \/><\/p>\n<p><strong>Wir bieten selbstverst\u00e4ndlich alles in Bio-Qualit\u00e4t an!<\/strong> &nbsp;<\/p>\n<\/td>\n<\/tr>\n<tr>\n<td class=\"has-text-align-center\" style=\"text-align: left;\" data-align=\"center\">Frische Milch, Milchprodukte, K\u00e4se, eigene Eier, eigene Wurst und Fleischwaren frisches Obst und Gem\u00fcse Naturkostprodukte Kartoffeln, Freitag frisches Vollkornbrot, Getreide ein breites Trockensortiment wie Nudeln Kaffee &#8211; nat\u00fcrlich Fairtrade Oliven, Brotaufstriche, Backmittel au\u00dferdem Reinigungsmittel und Kosmetika und selbstverst\u00e4ndlich alle Bannm\u00fchlens\u00e4fte Sorten und vieles andere mehr &nbsp;<\/td>\n<td>&nbsp;<\/td>\n<\/tr>\n<tr>\n<td class=\"has-text-align-center\" data-align=\"center\">&nbsp;<\/td>\n<td>&nbsp;<\/td>\n<\/tr>\n<tr>\n<td class=\"has-text-align-center\" data-align=\"center\"><strong>Wir freuen uns auf Ihren Besuch!<\/strong><\/td>\n<\/tr>\n<\/tbody>\n<\/table>\n<\/figure>\n<p><\/p>\t\t\t\t\t\t\t\t<\/div>\n\t\t\t\t<\/div>\n\t\t\t\t\t<\/div>\n\t\t<\/div>\n\t\t\t\t\t<\/div>\n\t\t<\/section>\n\t\t\t\t<\/div>\n\t\t","protected":false},"excerpt":{"rendered":"<p>In unserem Hofladen verkaufen wir unsere eigenen Produkte wie Obst, Saft, Eier, Fleisch und Wurst. Zus\u00e4tzlich halten wir ein breites Sortiment an Lebensmitteln aus biologischem Anbau f\u00fcr unsere Kunden bereit. Wir bieten au\u00dferdem einige Trockenwaren und Drogerieartikel unverpackt an. Lebensmittelvorbestellungen zB f\u00fcr Gruppen bitte fr\u00fchzeitig an hofladen@bannmuehle.de Zugang zum Hofladen (mit Kunden- bzw. Gastkarte) Mo-Sa &hellip; <\/p>\n<p class=\"link-more\"><a href=\"https:\/\/www.bannmuehle.de\/index.php\/hofladen\/\" class=\"more-link\"><span class=\"screen-reader-text\">\u201eHofladen\u201c<\/span> weiterlesen<\/a><\/p>\n","protected":false},"author":1,"featured_media":0,"parent":0,"menu_order":0,"comment_status":"closed","ping_status":"closed","template":"","meta":{"footnotes":""},"_links":{"self":[{"href":"https:\/\/www.bannmuehle.de\/index.php\/wp-json\/wp\/v2\/pages\/42"}],"collection":[{"href":"https:\/\/www.bannmuehle.de\/index.php\/wp-json\/wp\/v2\/pages"}],"about":[{"href":"https:\/\/www.bannmuehle.de\/index.php\/wp-json\/wp\/v2\/types\/page"}],"author":[{"embeddable":true,"href":"https:\/\/www.bannmuehle.de\/index.php\/wp-json\/wp\/v2\/users\/1"}],"replies":[{"embeddable":true,"href":"https:\/\/www.bannmuehle.de\/index.php\/wp-json\/wp\/v2\/comments?post=42"}],"version-history":[{"count":40,"href":"https:\/\/www.bannmuehle.de\/index.php\/wp-json\/wp\/v2\/pages\/42\/revisions"}],"predecessor-version":[{"id":2702,"href":"https:\/\/www.bannmuehle.de\/index.php\/wp-json\/wp\/v2\/pages\/42\/revisions\/2702"}],"wp:attachment":[{"href":"https:\/\/www.bannmuehle.de\/index.php\/wp-json\/wp\/v2\/media?parent=42"}],"curies":[{"name":"wp","href":"https:\/\/api.w.org\/{rel}","templated":true}]}}